{"id":164,"date":"2022-06-10T10:31:50","date_gmt":"2022-06-10T10:31:50","guid":{"rendered":"https:\/\/mcacustica.com\/?page_id=164"},"modified":"2022-09-21T09:17:55","modified_gmt":"2022-09-21T09:17:55","slug":"acustica-industrial","status":"publish","type":"page","link":"https:\/\/mcacustica.com\/?page_id=164","title":{"rendered":"AC\u00daSTICA INDUSTRIAL"},"content":{"rendered":"\t\t<div data-elementor-type=\"wp-page\" data-elementor-id=\"164\" class=\"elementor elementor-164\">\n\t\t\t\t\t\t<section class=\"elementor-section elementor-top-section elementor-element elementor-element-3ab92b8 elementor-section-boxed elementor-section-height-default elementor-section-height-default\" data-id=\"3ab92b8\" data-element_type=\"section\" data-e-type=\"section\">\n\t\t\t\t\t\t<div class=\"elementor-container elementor-column-gap-default\">\n\t\t\t\t\t<div class=\"elementor-column elementor-col-100 elementor-top-column elementor-element elementor-element-e40e439\" data-id=\"e40e439\" data-element_type=\"column\" data-e-type=\"column\">\n\t\t\t<div class=\"elementor-widget-wrap elementor-element-populated\">\n\t\t\t\t\t\t<div class=\"elementor-element elementor-element-9b3254a elementor-widget elementor-widget-text-editor\" data-id=\"9b3254a\" data-element_type=\"widget\" data-e-type=\"widget\" data-widget_type=\"text-editor.default\">\n\t\t\t\t<div class=\"elementor-widget-container\">\n\t\t\t\t\t\t\t\t\t<p>AC\u00daSTICA INDUSTRIAL<\/p>\t\t\t\t\t\t\t\t<\/div>\n\t\t\t\t<\/div>\n\t\t\t\t<div class=\"elementor-element elementor-element-4409938 elementor-arrows-position-inside elementor-widget elementor-widget-image-carousel\" data-id=\"4409938\" data-element_type=\"widget\" data-e-type=\"widget\" data-settings=\"{&quot;slides_to_show&quot;:&quot;1&quot;,&quot;navigation&quot;:&quot;arrows&quot;,&quot;autoplay&quot;:&quot;yes&quot;,&quot;pause_on_hover&quot;:&quot;yes&quot;,&quot;pause_on_interaction&quot;:&quot;yes&quot;,&quot;autoplay_speed&quot;:5000,&quot;infinite&quot;:&quot;yes&quot;,&quot;effect&quot;:&quot;slide&quot;,&quot;speed&quot;:500}\" data-widget_type=\"image-carousel.default\">\n\t\t\t\t<div class=\"elementor-widget-container\">\n\t\t\t\t\t\t\t<div class=\"elementor-image-carousel-wrapper swiper\" role=\"region\" aria-roledescription=\"carousel\" aria-label=\"Carrusel de im\u00e1genes\" dir=\"ltr\">\n\t\t\t<div class=\"elementor-image-carousel swiper-wrapper\" aria-live=\"off\">\n\t\t\t\t\t\t\t\t<div class=\"swiper-slide\" role=\"group\" aria-roledescription=\"slide\" aria-label=\"1 de 1\"><figure class=\"swiper-slide-inner\"><img decoding=\"async\" class=\"swiper-slide-image\" src=\"https:\/\/mcacustica.com\/wp-content\/uploads\/elementor\/thumbs\/LCpapaer-e1661850798425-r7alb2zca84uzb2w7hb7mxlsf78fh8ncllnseb0dx8.jpeg\" alt=\"LCpapaer\" \/><\/figure><\/div>\t\t\t<\/div>\n\t\t\t\t\t<\/div>\n\t\t\t\t\t\t<\/div>\n\t\t\t\t<\/div>\n\t\t\t\t<div class=\"elementor-element elementor-element-b745149 elementor-widget elementor-widget-spacer\" data-id=\"b745149\" data-element_type=\"widget\" data-e-type=\"widget\" data-widget_type=\"spacer.default\">\n\t\t\t\t<div class=\"elementor-widget-container\">\n\t\t\t\t\t\t\t<div class=\"elementor-spacer\">\n\t\t\t<div class=\"elementor-spacer-inner\"><\/div>\n\t\t<\/div>\n\t\t\t\t\t\t<\/div>\n\t\t\t\t<\/div>\n\t\t\t\t<div class=\"elementor-element elementor-element-5bd1d90 elementor-widget elementor-widget-text-editor\" data-id=\"5bd1d90\" data-element_type=\"widget\" data-e-type=\"widget\" data-widget_type=\"text-editor.default\">\n\t\t\t\t<div class=\"elementor-widget-container\">\n\t\t\t\t\t\t\t\t\t<p>L&#8217;activitat industrial genera elevats nivells de soroll tant cap a l&#8217;exterior de la f\u00e0brica com cap al seu interior amb l&#8217;afectaci\u00f3 directe sobre els treballadors.<\/p><p>A MC Ac\u00fastica realitzem projectes de predicci\u00f3 de nivells d&#8217;immissi\u00f3 sonora deguts a activitats industrials aix\u00ed com l&#8217;estudi i disseny de solucions contructives per l&#8217;apantallament i encapsulament de maquin\u00e0ria.\u00a0<\/p><p>Desenvolupem tamb\u00e9 projectes per a la reducci\u00f3 del nivell de soroll a l&#8217;interior de les ind\u00fastries (aix\u00ed com el transm\u00e8s cap a l&#8217;exterior) per tal de garantir la seguretat dels seus treballadors definint les solucions constructives i els materials m\u00e9s adients per a cada cas.\u00a0<\/p>\t\t\t\t\t\t\t\t<\/div>\n\t\t\t\t<\/div>\n\t\t\t\t\t<\/div>\n\t\t<\/div>\n\t\t\t\t\t<\/div>\n\t\t<\/section>\n\t\t\t\t<\/div>\n\t\t","protected":false},"excerpt":{"rendered":"<p>AC\u00daSTICA INDUSTRIAL L&#8217;activitat industrial genera elevats nivells de soroll tant cap a l&#8217;exterior de la f\u00e0brica com cap al seu interior amb l&#8217;afectaci\u00f3 directe sobre els treballadors. A MC Ac\u00fastica realitzem projectes de predicci\u00f3 de nivells d&#8217;immissi\u00f3 sonora deguts a activitats industrials aix\u00ed com l&#8217;estudi i disseny de solucions contructives per l&#8217;apantallament i encapsulament de &#8230; <a title=\"AC\u00daSTICA INDUSTRIAL\" class=\"read-more\" href=\"https:\/\/mcacustica.com\/?page_id=164\" aria-label=\"M\u00e1s en AC\u00daSTICA INDUSTRIAL\">Leer m\u00e1s<\/a><\/p>\n","protected":false},"author":1,"featured_media":0,"parent":0,"menu_order":0,"comment_status":"closed","ping_status":"closed","template":"elementor_theme","meta":{"footnotes":""},"class_list":["post-164","page","type-page","status-publish"],"_links":{"self":[{"href":"https:\/\/mcacustica.com\/index.php?rest_route=\/wp\/v2\/pages\/164","targetHints":{"allow":["GET"]}}],"collection":[{"href":"https:\/\/mcacustica.com\/index.php?rest_route=\/wp\/v2\/pages"}],"about":[{"href":"https:\/\/mcacustica.com\/index.php?rest_route=\/wp\/v2\/types\/page"}],"author":[{"embeddable":true,"href":"https:\/\/mcacustica.com\/index.php?rest_route=\/wp\/v2\/users\/1"}],"replies":[{"embeddable":true,"href":"https:\/\/mcacustica.com\/index.php?rest_route=%2Fwp%2Fv2%2Fcomments&post=164"}],"version-history":[{"count":30,"href":"https:\/\/mcacustica.com\/index.php?rest_route=\/wp\/v2\/pages\/164\/revisions"}],"predecessor-version":[{"id":2435,"href":"https:\/\/mcacustica.com\/index.php?rest_route=\/wp\/v2\/pages\/164\/revisions\/2435"}],"wp:attachment":[{"href":"https:\/\/mcacustica.com\/index.php?rest_route=%2Fwp%2Fv2%2Fmedia&parent=164"}],"curies":[{"name":"wp","href":"https:\/\/api.w.org\/{rel}","templated":true}]}}